{"id":1055,"date":"2022-09-28T13:35:43","date_gmt":"2022-09-28T13:35:43","guid":{"rendered":"https:\/\/acc-cca.ca\/?page_id=1055"},"modified":"2025-09-10T22:16:10","modified_gmt":"2025-09-10T22:16:10","slug":"emerging-scholar-book-prize","status":"publish","type":"page","link":"https:\/\/acc-cca.ca\/index.php\/prizes-prix\/emerging-scholar-book-prize\/","title":{"rendered":"CCA Emerging Scholar Book Prize \/ Prix du livre de la Rel\u00e8ve de l&#8217;ACC"},"content":{"rendered":"\n<figure class=\"wp-block-image size-large\"><img decoding=\"async\" loading=\"lazy\" width=\"1024\" height=\"791\" src=\"https:\/\/acc-cca.ca\/wp-content\/uploads\/2023\/11\/1-1-1024x791.jpg\" alt=\"\" class=\"wp-image-1258\" srcset=\"https:\/\/acc-cca.ca\/wp-content\/uploads\/2023\/11\/1-1-1024x791.jpg 1024w, https:\/\/acc-cca.ca\/wp-content\/uploads\/2023\/11\/1-1-300x232.jpg 300w, https:\/\/acc-cca.ca\/wp-content\/uploads\/2023\/11\/1-1-768x593.jpg 768w, https:\/\/acc-cca.ca\/wp-content\/uploads\/2023\/11\/1-1-1536x1187.jpg 1536w, https:\/\/acc-cca.ca\/wp-content\/uploads\/2023\/11\/1-1-700x541.jpg 700w, https:\/\/acc-cca.ca\/wp-content\/uploads\/2023\/11\/1-1-518x400.jpg 518w, https:\/\/acc-cca.ca\/wp-content\/uploads\/2023\/11\/1-1.jpg 1650w\" sizes=\"(max-width: 1024px) 100vw, 1024px\" \/><\/figure>\n\n\n\n<p><\/p>\n\n\n\n<p>The <em>CCA Emerging Scholar Book Prize<\/em> honours an outstanding book published in Canadian communication studies by an emerging scholar. The prize is awarded annually by the Canadian Communication Association. It was initiated in 2022 by the Board of Directors of the Canadian Communication Association.<\/p>\n\n\n\n<h4 class=\"wp-block-heading\">For details on this year&#8217;s submission process and award Terms of Reference, visit &#8220;<a rel=\"noreferrer noopener\" href=\"https:\/\/acc-cca.ca\/index.php\/prizes-prix\/emerging-scholar-book-prize\/how-to-apply\/\" data-type=\"page\" data-id=\"1439\" target=\"_blank\">How to Apply<\/a>&#8220;.  <\/h4>\n\n\n\n<hr class=\"wp-block-separator has-alpha-channel-opacity\"\/>\n\n\n\n<p>Le Prix du livre de la Rel\u00e8ve de l\u2019ACC r\u00e9compense un livre exceptionnel publi\u00e9 dans le domaine des \u00e9tudes en communication au Canada par un.e chercheur.e \u00e9mergent.e. Le prix est d\u00e9cern\u00e9 chaque ann\u00e9e par l&#8217;Association canadienne de communication. Il a \u00e9t\u00e9 inaugur\u00e9 en 2022 par le conseil d&#8217;administration de l&#8217;ACC.<\/p>\n\n\n\n<h4 class=\"wp-block-heading\" id=\"tw-target-text\">Pour plus de d\u00e9tails sur le processus de candidature de cette ann\u00e9e et les r\u00e8glement, visitez \u00ab&nbsp;<a rel=\"noreferrer noopener\" href=\"https:\/\/acc-cca.ca\/index.php\/prizes-prix\/emerging-scholar-book-prize\/how-to-apply\/\" data-type=\"page\" data-id=\"1439\" target=\"_blank\">Comment postuler<\/a>&nbsp;\u00bb.<\/h4>\n\n\n\n<hr class=\"wp-block-separator has-alpha-channel-opacity\"\/>\n\n\n\n<h4 class=\"wp-block-heading has-text-align-center\">Past winners<\/h4>\n\n\n\n<h2 class=\"wp-block-heading has-text-align-center\">2025<\/h2>\n\n\n\n<div class=\"wp-block-media-text alignwide is-stacked-on-mobile is-image-fill\"><figure class=\"wp-block-media-text__media\" style=\"background-image:url(https:\/\/acc-cca.ca\/wp-content\/uploads\/2025\/09\/Kinder-cover-663x1024.jpg);background-position:50% 50%\"><a href=\"https:\/\/www.dukeupress.edu\/trafficking-in-antiblackness\" target=\"_blank\" rel=\"noreferrer noopener\"><img decoding=\"async\" loading=\"lazy\" width=\"663\" height=\"1024\" src=\"https:\/\/acc-cca.ca\/wp-content\/uploads\/2025\/09\/Kinder-cover-663x1024.jpg\" alt=\"\" class=\"wp-image-1596 size-full\" srcset=\"https:\/\/acc-cca.ca\/wp-content\/uploads\/2025\/09\/Kinder-cover-663x1024.jpg 663w, https:\/\/acc-cca.ca\/wp-content\/uploads\/2025\/09\/Kinder-cover-194x300.jpg 194w, https:\/\/acc-cca.ca\/wp-content\/uploads\/2025\/09\/Kinder-cover-768x1186.jpg 768w, https:\/\/acc-cca.ca\/wp-content\/uploads\/2025\/09\/Kinder-cover-700x1081.jpg 700w, https:\/\/acc-cca.ca\/wp-content\/uploads\/2025\/09\/Kinder-cover-259x400.jpg 259w, https:\/\/acc-cca.ca\/wp-content\/uploads\/2025\/09\/Kinder-cover.jpg 971w\" sizes=\"(max-width: 663px) 100vw, 663px\" \/><\/a><\/figure><div class=\"wp-block-media-text__content\">\n<h2 class=\"wp-block-heading has-text-align-center\">Jordan B. Kinder<\/h2>\n\n\n\n<h4 class=\"wp-block-heading has-text-align-center\"><em>Petrotufing: Refining Canadian Oil Through Social Media <\/em><\/h4>\n\n\n\n<p class=\"has-text-align-center\">University of Minnesota Press<\/p>\n<\/div><\/div>\n\n\n\n<h2 class=\"wp-block-heading has-text-align-center\">2024<\/h2>\n\n\n\n<div class=\"wp-block-media-text alignwide is-stacked-on-mobile is-image-fill\"><figure class=\"wp-block-media-text__media\" style=\"background-image:url(https:\/\/acc-cca.ca\/wp-content\/uploads\/2024\/06\/978-1-4780-1978-7_pr-1.jpg);background-position:50% 50%\"><a href=\"https:\/\/www.dukeupress.edu\/trafficking-in-antiblackness\" target=\"_blank\" rel=\"noreferrer noopener\"><img decoding=\"async\" loading=\"lazy\" width=\"600\" height=\"900\" src=\"https:\/\/acc-cca.ca\/wp-content\/uploads\/2024\/06\/978-1-4780-1978-7_pr-1.jpg\" alt=\"\" class=\"wp-image-1357 size-full\" srcset=\"https:\/\/acc-cca.ca\/wp-content\/uploads\/2024\/06\/978-1-4780-1978-7_pr-1.jpg 600w, https:\/\/acc-cca.ca\/wp-content\/uploads\/2024\/06\/978-1-4780-1978-7_pr-1-200x300.jpg 200w, https:\/\/acc-cca.ca\/wp-content\/uploads\/2024\/06\/978-1-4780-1978-7_pr-1-267x400.jpg 267w\" sizes=\"(max-width: 600px) 100vw, 600px\" \/><\/a><\/figure><div class=\"wp-block-media-text__content\">\n<h2 class=\"wp-block-heading has-text-align-center\">Lyndsey P. Beutin<\/h2>\n\n\n\n<h4 class=\"wp-block-heading has-text-align-center\"><em>Trafficking Antiblackness: Modern-Day Slavery, White Indemnity, and Racial Justice<\/em><\/h4>\n\n\n\n<p class=\"has-text-align-center\">Duke University Press<\/p>\n<\/div><\/div>\n\n\n\n<div style=\"height:46px\" aria-hidden=\"true\" class=\"wp-block-spacer\"><\/div>\n\n\n\n<h2 class=\"wp-block-heading has-text-align-center\">2023<\/h2>\n\n\n\n<div class=\"wp-block-columns is-layout-flex wp-container-2\">\n<div class=\"wp-block-column is-layout-flow\" style=\"flex-basis:100%\">\n<div class=\"wp-block-media-text alignwide is-stacked-on-mobile is-image-fill\"><figure class=\"wp-block-media-text__media\" style=\"background-image:url(https:\/\/acc-cca.ca\/wp-content\/uploads\/2023\/06\/FrescoRedMitten.jpg);background-position:50% 50%\"><a href=\"https:\/\/www.mqup.ca\/red-mitten-nationalism-products-9780228014171.php\" target=\"_blank\" rel=\"noreferrer noopener\"><img decoding=\"async\" loading=\"lazy\" width=\"400\" height=\"600\" src=\"https:\/\/acc-cca.ca\/wp-content\/uploads\/2023\/06\/FrescoRedMitten.jpg\" alt=\"\" class=\"wp-image-1193 size-full\" srcset=\"https:\/\/acc-cca.ca\/wp-content\/uploads\/2023\/06\/FrescoRedMitten.jpg 400w, https:\/\/acc-cca.ca\/wp-content\/uploads\/2023\/06\/FrescoRedMitten-200x300.jpg 200w, https:\/\/acc-cca.ca\/wp-content\/uploads\/2023\/06\/FrescoRedMitten-267x400.jpg 267w\" sizes=\"(max-width: 400px) 100vw, 400px\" \/><\/a><\/figure><div class=\"wp-block-media-text__content\">\n<h2 class=\"wp-block-heading has-text-align-center\">Est\u00e9e Fresco<\/h2>\n\n\n\n<h4 class=\"wp-block-heading has-text-align-center\"> <em>Red Mitten Nationalism: Sport, Commercialism, and Settler Colonialism in Canada<\/em><\/h4>\n\n\n\n<p class=\"has-text-align-center\">McGill-Queen&#8217;s University Press<\/p>\n<\/div><\/div>\n<\/div>\n<\/div>\n","protected":false},"excerpt":{"rendered":"<p>The CCA Emerging Scholar Book Prize honours an outstanding book published in Canadian communication studies by an emerging scholar. The prize is awarded annually by the Canadian Communication Association. It was initiated in 2022 by the Board of Directors of the Canadian Communication Association. For details on this year&#8217;s submission process and award Terms of &hellip; <a href=\"https:\/\/acc-cca.ca\/index.php\/prizes-prix\/emerging-scholar-book-prize\/\" class=\"more-link\">Continue reading <span class=\"screen-reader-text\">CCA Emerging Scholar Book Prize \/ Prix du livre de la Rel\u00e8ve de l&#8217;ACC<\/span> <span class=\"meta-nav\">&rarr;<\/span><\/a><\/p>\n","protected":false},"author":1,"featured_media":0,"parent":13,"menu_order":0,"comment_status":"closed","ping_status":"closed","template":"","meta":{"ub_ctt_via":""},"featured_image_src":null,"_links":{"self":[{"href":"https:\/\/acc-cca.ca\/index.php\/wp-json\/wp\/v2\/pages\/1055"}],"collection":[{"href":"https:\/\/acc-cca.ca\/index.php\/wp-json\/wp\/v2\/pages"}],"about":[{"href":"https:\/\/acc-cca.ca\/index.php\/wp-json\/wp\/v2\/types\/page"}],"author":[{"embeddable":true,"href":"https:\/\/acc-cca.ca\/index.php\/wp-json\/wp\/v2\/users\/1"}],"replies":[{"embeddable":true,"href":"https:\/\/acc-cca.ca\/index.php\/wp-json\/wp\/v2\/comments?post=1055"}],"version-history":[{"count":19,"href":"https:\/\/acc-cca.ca\/index.php\/wp-json\/wp\/v2\/pages\/1055\/revisions"}],"predecessor-version":[{"id":1597,"href":"https:\/\/acc-cca.ca\/index.php\/wp-json\/wp\/v2\/pages\/1055\/revisions\/1597"}],"up":[{"embeddable":true,"href":"https:\/\/acc-cca.ca\/index.php\/wp-json\/wp\/v2\/pages\/13"}],"wp:attachment":[{"href":"https:\/\/acc-cca.ca\/index.php\/wp-json\/wp\/v2\/media?parent=1055"}],"curies":[{"name":"wp","href":"https:\/\/api.w.org\/{rel}","templated":true}]}}