{"id":17,"date":"2018-07-18T19:35:50","date_gmt":"2018-07-18T19:35:50","guid":{"rendered":"http:\/\/acc-cca.ca\/?page_id=17"},"modified":"2024-06-24T01:40:00","modified_gmt":"2024-06-24T01:40:00","slug":"faq-fr","status":"publish","type":"page","link":"https:\/\/acc-cca.ca\/index.php\/listserv-liste\/faq-fr\/","title":{"rendered":"FAQ (Fr)"},"content":{"rendered":"<p><strong>Q: \u00c0 quelle date et o\u00f9 le colloque se tient-il?<\/strong><\/p>\n<p><strong>R:&nbsp;<\/strong>Le colloque annuel de l\u2019ACC a lieu dans le cadre du congr\u00e8s de la F\u00e9d\u00e9ration canadienne des sciences humaines (FCSH) (http:\/\/www.fedcan.ca) qui r\u00e9unit chaque ann\u00e9e de nombreuses associations acad\u00e9miques canadiennes. Le congr\u00e8s se tient dans une universit\u00e9 au Canada entre la fin du mois de mai et le d\u00e9but du mois de juin. Les dates exactes de notre colloque sont annonc\u00e9es dans notre appel \u00e0 contribution chaque automne.<\/p>\n<p><strong>Q: Comment puis-je soumettre une proposition au colloque de l\u2019ACC<\/strong><\/p>\n<p><strong>R:<\/strong>&nbsp;L\u2019ACC utilise un syst\u00e8me de soumission de r\u00e9sum\u00e9s en ligne. La soumission se fait par formulaire \u00e9lectronique.&nbsp;Seules les propositions soumises par ce syst\u00e8me sont accept\u00e9es.<\/p>\n<p><strong>Q: Quels sont les frais pour participer au colloque annuel?&nbsp;<\/strong><\/p>\n<p><strong>R:<\/strong>&nbsp;Il y a trois types de frais diff\u00e9rents afin de participer au colloque:<\/p>\n<blockquote><p>1. Adh\u00e9sion \u00e0 l&#8217;ACC. Tous les participants, co-auteurs, participants aux tables rondes, panelistes, pr\u00e9sidents de s\u00e9ance doivent \u00eatre membres en r\u00e8gle d&#8217;ici le 15 mars afin d&#8217;appara\u00eetre au programme final du colloque.&nbsp;Les frais d&#8217;adh\u00e9sion doivent \u00eatre pay\u00e9s&nbsp;en ligne.<\/p>\n<p>Les frais d&#8217;adh\u00e9sion ne sont pas remboursables, m\u00eame si vous d\u00e9cidez de ne pas participer au colloque annuel.<\/p><\/blockquote>\n<blockquote><p>2.&nbsp;Frais de la F\u00e9d\u00e9ration.&nbsp;Tous les participants&nbsp;doivent \u00e9galement payer des frais d&#8217;inscription \u00e0 la F\u00e9deration canadienne pour les sciences sociales.&nbsp;Ces frais sont g\u00e9r\u00e9s par la FCSH et non par l&#8217;ACC.&nbsp;Les recettes provenant des frais d&#8217;inscription du Congr\u00e8s servent \u00e0 conserver pour cette r\u00e9union annuelle une formule viable en s\u2019assurant que les infrastructures et les services soient en place d\u2019une ann\u00e9e \u00e0 l\u2019autre. Ces frais peuvent \u00eatre pay\u00e9s en ligne sur le site Internet du Congr\u00e8s ou sur place.<\/p><\/blockquote>\n<blockquote><p>3. Frais de conf\u00e9rence de l\u2019ACC.&nbsp;Lorsque vous payerez vos frais d&#8217;inscription \u00e0 la F\u00e9d\u00e9ration, on vous demandera de s\u00e9lectionner une association. Choisissez alors l&#8217;option Association canadienne de communication avec le statut membre. Ces frais couvrent des d\u00e9penses aff\u00e9rentes aux salles, au traiteur et \u00e0 la r\u00e9ception du colloque annuel.<\/p>\n<table class=\"contStyleExcSimpleTable\" width=\"99%\" cellspacing=\"0\" cellpadding=\"0\">\n<tbody>\n<tr>\n<td valign=\"top\">&nbsp;IMPORTANT :<br \/>\n*** Ne s\u00e9lectionner pas la cat\u00e9gorie &#8220;non-membre&#8221; lorsque vous payerez vos frais \u00e0 la f\u00e9d\u00e9ration des sciences humaines.&nbsp;De plus, l&#8217;option non-membre<strong>&nbsp;<\/strong>ne renouvellera pas votre adh\u00e9sion annuelle \u00e0 l&#8217;ACC, qui est obligatoire pour pr\u00e9senter.<\/td>\n<\/tr>\n<\/tbody>\n<\/table>\n<\/blockquote>\n<p><strong>Q: Dois-je \u00eatre membre de l\u2019ACC pour soumettre une proposition de communication au colloque annuel?&nbsp;<\/strong><\/p>\n<p><strong>R:<\/strong>&nbsp;Non. Vous pouvez soumettre votre proposition de communication (en d\u00e9cembre par exemple) et devenir membre une fois votre communication accept\u00e9e (l&#8217;ann\u00e9e suivante).<\/p>\n<p><strong>Q: Quels sont les&nbsp;types de pr\u00e9sentations auxquels je peux soumettre?<\/strong><\/p>\n<blockquote><p>a) Communications individuelles<\/p>\n<p>Les communications individuelles sont des pr\u00e9sentations d\u2019une dur\u00e9e de 15 \u00e0 20 minutes. Les communications accept\u00e9es sont regroup\u00e9es en sessions de trois ou quatre participants-es.<\/p>\n<p>b) Sessions<\/p>\n<p>Les propositions de session regroupent quatre conf\u00e9renciers-\u00e8res maximum ou trois conf\u00e9renciers-\u00e8res et un-e r\u00e9pondant-e. L\u2019organisateur-trice de la session doit soumettre une proposition de session. Les conf\u00e9renciers-\u00e8res participants-es doivent soumettre leur r\u00e9sum\u00e9&nbsp;individuellement.&nbsp;Tous les pr\u00e9sentateurs doivent soumettre des r\u00e9sum\u00e9s s\u00e9par\u00e9ment en&nbsp;choisissant l&#8217;option &#8220;soumission individuelle&#8221; et inclure le titre de la session au d\u00e9but du r\u00e9sum\u00e9 de la proposition.<\/p>\n<p>c) Tables rondes ou ateliers<\/p>\n<p>Moins formelles que les sessions, les pr\u00e9sentations par tables rondes ou ateliers peuvent regrouper jusqu\u2019\u00e0 cinq conf\u00e9renciers-\u00e8res ou quatre conf\u00e9renciers-\u00e8res et un-e mod\u00e9rateur-trice. L\u2019objectif vis\u00e9 \u00e9tant la discussion, les participants-es alimentent la conversation par des commentaires plut\u00f4t que par des communications formelles. Ce type de pr\u00e9sentation convient particuli\u00e8rement bien aux sujets et domaines pratiques dans le champ des communications. La majorit\u00e9 des participants-es doivent \u00eatre des professeurs-es ou des praticiens-ennes exp\u00e9riment\u00e9s-\u00e9es.<\/p><\/blockquote>\n<p><strong>Q: Je suis un-e \u00e9tudiant-e \u00e0 la ma\u00eetrise, puis-je soumettre une communication dans les sessions r\u00e9guli\u00e8res?<\/strong><\/p>\n<p><strong>R:<\/strong>&nbsp;Oui.<\/p>\n<p><strong>Q: Puis-je soumettre deux r\u00e9sum\u00e9s?&nbsp;<\/strong><\/p>\n<p><strong>R:<\/strong>&nbsp;Non. Une seule pr\u00e9sentation de type \u201ccommunication individuelle\u201d est permise par auteur-e. Cependant, il est possible de pr\u00e9senter une autre communication avec d\u2019autres co-auteurs, \u00e0 condition que ceux-ci soient pr\u00e9sents au colloque. Par ailleurs, il est possible de participer \u00e9galement en tant que r\u00e9pondant-e dans une session ou en tant que participant-e \u00e0 une table ronde ou atelier, en plus de participer en tant qu\u2019auteur-e de communication individuelle.&nbsp;Un seul r\u00e9sum\u00e9 de communication individuelle par auteur-e unique est accept\u00e9. Dans le cas o\u00f9 un-e auteur-e unique soumettait plusieurs r\u00e9sum\u00e9s, le comit\u00e9 lui demandera d\u2019en choisir un seul.<\/p>\n<p><strong>Q: Puis-je obtenir du support audio-visuel?&nbsp;<\/strong><\/p>\n<p><strong>R:<\/strong>&nbsp;Le support audio-visuel inclut un projecteur ainsi qu\u2019un \u00e9cran.&nbsp; Les participants sont invit\u00e9s \u00e0 fournir leur propre ordinateur portable et tout autre \u00e9quipement suppl\u00e9mentaire.<\/p>\n<p><strong>Q:&nbsp;L\u2019ACC fournit-elle de l&#8217;aide pour le transport ou d\u2019h\u00e9bergement?<\/strong><\/p>\n<p><strong>R:<\/strong>&nbsp;La F\u00e9d\u00e9ration canadienne des sciences humaines (FCSH) fournit un guide d\u2019inscription au congr\u00e8s, disponible sur le Web. Ce guide offre des informations sur le transport, l\u2019h\u00e9bergement et les \u00e9v\u00e9nements sp\u00e9ciaux. En g\u00e9n\u00e9ral, et surtout lorsque le congr\u00e8s a lieu dans des villes de petite taille, les h\u00f4tels se remplissent tr\u00e8s vite. Nous vous encourageons donc \u00e0 organiser votre s\u00e9jour \u00e0 l\u2019avance.<\/p>\n<p><strong>Q: L&#8217;ACC offre-t-elle une aide&nbsp;financi\u00e8re aux \u00e9tudiant-es des cycles sup\u00e9rieurs?&nbsp;<\/strong><\/p>\n<p><strong>R:<\/strong>&nbsp;Oui. L&#8217;ACC dispose de certains fonds destin\u00e9s \u00e0 venir en aide aux \u00e9tudiants-es pour d\u00e9frayer une partie de leurs co\u00fbts de transport. Ces fonds sont distribu\u00e9s le plus \u00e9quitablement possible en fonction du nombre de demandes re\u00e7ues. Les \u00e9tudiants-es int\u00e9ress\u00e9s par ce soutien financier doivent obtenir le formulaire de demande sur <a href=\"http:\/\/acc-cca.ca\/wp-content\/uploads\/2018\/07\/CCA-student-expense-claim-form-2013.pdf\">notre site&nbsp;et l\u2019envoyer au tr\u00e9sorier<\/a>. L&#8217;aide financi\u00e8re n&#8217;est accord\u00e9e qu&#8217;une fois le colloque termin\u00e9 et sur r\u00e9ception des factures et du formulaire compl\u00e9t\u00e9.<\/p>\n<p><strong>Q:&nbsp;J&#8217;ai publi\u00e9 un ouvrage cette ann\u00e9e, serait-il possible de le promouvoir durant la conf\u00e9rence?<\/strong><\/p>\n<p><strong>R:<\/strong>&nbsp;Tout \u00e0 fait.&nbsp;Il y aura des tables disponibles \u00e0 la r\u00e9ception de l&#8217;ACC pour promouvoir les livres publi\u00e9s r\u00e9cemment par ses membres. Si vous ou votre \u00e9diteur souhaitez exposer un livre, contactez le pr\u00e9sident de la conf\u00e9rence ou l&#8217;organisateur local pour l&#8217;ACC; il ou elle vous demandera de lui envoyer un ou des copies du livre avant la conf\u00e9rence.<\/p>\n<p><strong>Q: On m&#8217;a demand\u00e9 d&#8217;agir comme pr\u00e9sident de s\u00e9ance, qu&#8217;est-ce cela implique?<\/strong><\/p>\n<p><strong>R:<\/strong>&nbsp;Voir les instructions&nbsp;<a title=\"Instructions for Panel Chairs_bilingual\" href=\"http:\/\/acc-cca.ca\/wp-content\/uploads\/2018\/07\/Instructions-for-Panel-Chairs_bilingual.pdf\">ici.<\/a><\/p>\n<p><strong>Q: J&#8217;aimerais contacter l\u2019ACC afin de discuter de besoins sp\u00e9ciaux, comment puis-je le faire?<\/strong><\/p>\n<p><strong>R:<\/strong>&nbsp;\u00c9crivez \u00e0 acc.cca.ca@gmail.com. Les demandes sp\u00e9ciales en mati\u00e8re d\u2019am\u00e9nagement d\u2019horaire ne peuvent \u00eatre prises en consid\u00e9ration \u00e0 moins d\u2019une raison pertinente (raison m\u00e9dicale, familiale ou conflit d\u2019horaire avec une autre pr\u00e9sentation).<\/p>\n","protected":false},"excerpt":{"rendered":"<p>Q: \u00c0 quelle date et o\u00f9 le colloque se tient-il? R:&nbsp;Le colloque annuel de l\u2019ACC a lieu dans le cadre du congr\u00e8s de la F\u00e9d\u00e9ration canadienne des sciences humaines (FCSH) (http:\/\/www.fedcan.ca) qui r\u00e9unit chaque ann\u00e9e de nombreuses associations acad\u00e9miques canadiennes. Le congr\u00e8s se tient dans une universit\u00e9 au Canada entre la fin du mois de &hellip; <a href=\"https:\/\/acc-cca.ca\/index.php\/listserv-liste\/faq-fr\/\" class=\"more-link\">Continue reading <span class=\"screen-reader-text\">FAQ (Fr)<\/span> <span class=\"meta-nav\">&rarr;<\/span><\/a><\/p>\n","protected":false},"author":1,"featured_media":0,"parent":9,"menu_order":0,"comment_status":"closed","ping_status":"closed","template":"","meta":{"ub_ctt_via":""},"featured_image_src":null,"_links":{"self":[{"href":"https:\/\/acc-cca.ca\/index.php\/wp-json\/wp\/v2\/pages\/17"}],"collection":[{"href":"https:\/\/acc-cca.ca\/index.php\/wp-json\/wp\/v2\/pages"}],"about":[{"href":"https:\/\/acc-cca.ca\/index.php\/wp-json\/wp\/v2\/types\/page"}],"author":[{"embeddable":true,"href":"https:\/\/acc-cca.ca\/index.php\/wp-json\/wp\/v2\/users\/1"}],"replies":[{"embeddable":true,"href":"https:\/\/acc-cca.ca\/index.php\/wp-json\/wp\/v2\/comments?post=17"}],"version-history":[{"count":6,"href":"https:\/\/acc-cca.ca\/index.php\/wp-json\/wp\/v2\/pages\/17\/revisions"}],"predecessor-version":[{"id":1342,"href":"https:\/\/acc-cca.ca\/index.php\/wp-json\/wp\/v2\/pages\/17\/revisions\/1342"}],"up":[{"embeddable":true,"href":"https:\/\/acc-cca.ca\/index.php\/wp-json\/wp\/v2\/pages\/9"}],"wp:attachment":[{"href":"https:\/\/acc-cca.ca\/index.php\/wp-json\/wp\/v2\/media?parent=17"}],"curies":[{"name":"wp","href":"https:\/\/api.w.org\/{rel}","templated":true}]}}