{"id":174,"date":"2018-11-25T23:58:13","date_gmt":"2018-11-25T23:58:13","guid":{"rendered":"http:\/\/acc-cca.ca\/?page_id=174"},"modified":"2024-06-24T18:33:25","modified_gmt":"2024-06-24T18:33:25","slug":"actes-du-colloque-proceedings","status":"publish","type":"page","link":"https:\/\/acc-cca.ca\/index.php\/conference\/previous-conference-keynotes-programs\/actes-du-colloque-proceedings\/","title":{"rendered":"Proceedings of the Technology and Emerging Media interest group \u2022 Section technologie et m\u00e9dias \u00e9mergents (2012-15)"},"content":{"rendered":"<h3>TEM 2015<\/h3>\n<p><span style=\"color: #999999;\">Il nous fait plaisir de vous pr\u00e9senter ce nouveau num\u00e9ro des Actes de la section Technologie et m\u00e9dias \u00e9mergents (TEM) de l\u2019Association canadienne de communication (ACC). Les textes regroup\u00e9s donnent un aper\u00e7u des travaux de recherche pr\u00e9sent\u00e9s lors du colloque annuel de 2015 de l\u2019Association canadienne de communication qui s\u2019est tenu \u00e0 Ottawa, \u00e0 l\u2019Universit\u00e9 d\u2019Ottawa, du 3 au 5 juin. Les articles s\u00e9lectionn\u00e9s ont \u00e9t\u00e9 retenus au terme d\u2019un processus d\u2019\u00e9valuation par les pairs \u00e0 l\u2019aveugle.<\/span><\/p>\n<p><span style=\"color: #999999;\">Cette quatri\u00e8me livraison comporte six textes couvrant un large \u00e9ventail de sujets de recherche dans le domaine de la technologie et des m\u00e9dias \u00e9mergents, depuis la relation entre les \u00ab anciens m\u00e9dias \u00bb et \u00ab nouveaux m\u00e9dias \u00bb, jusqu\u2019aux villes intelligentes et \u00e0 l\u2019acc\u00e8s num\u00e9rique pour les personnes \u00e2g\u00e9es. Tout comme les \u00e9ditions pr\u00e9c\u00e9dentes, la grande qualit\u00e9 de ces contributions se d\u00e9marque et nous esp\u00e9rons que, en \u00e9tant maintenant disponibles sur le site Web de l\u2019ACC, elles iront obtenir plus de visibilit\u00e9.<\/span><\/p>\n<p><span style=\"color: #999999;\">Nous tenons \u00e0 remercier tous les participants qui ont contribu\u00e9 au groupe d\u2019int\u00e9r\u00eat TEM \u00e0 Ottawa, le comit\u00e9 scientifique qui a aid\u00e9 \u00e0 examiner les documents \u00e0 toutes les \u00e9tapes du processus, les copr\u00e9sidents du TEM, Philippe Ross et Lorna Heaton, et les auteurs qui ont \u00e9t\u00e9 particuli\u00e8rement diligents en r\u00e9ponse aux commentaires du comit\u00e9. Enfin, nous d\u00e9sirons exprimer nos remerciements \u00e0 Olivier Gadeau et Ghislain Thibault pour la migration et la mise en ligne des Actes.<\/span><\/p>\n<p><span style=\"color: #999999;\"><strong>Patr\u00edcia Dias da Silva<\/strong>, Universit\u00e9 de Montr\u00e9al<\/span><br \/>\n<span style=\"color: #999999;\"><strong>Artur de Matos Alves<\/strong>, Universit\u00e9 Concordia,\u00a0<\/span><span style=\"color: #999999;\">Co-directrice et co-directeur.<\/span><\/p>\n<p>It is our pleasure to present this year&#8217;s edition of the Proceedings of the Technology and Emerging Media (TEM) interest group of the Canadian Communication Association (CCA). This edited collection of short papers offers an overview of research and scholarship presented during the 2015 annual conference of the CCA held in Ottawa, at the University of Ottawa, June 3-5. All papers selected for inclusion in these proceedings went through a double blind peer-review process.<\/p>\n<p>This fourth edition of the TEM proceedings includes eight papers representing a vast range of research topics in the area of technology and emerging media, from the relation between \u201cold media\u201d and \u201cnew media,\u201d to smart cities and digital access for seniors. In line with previous editions, the high quality of these contributions stands out and they will now hopefully gain more visibility by being available through the CCA website.<\/p>\n<p>We wish to thank all the participants who contributed to the TEM interest group in Ottawa, the scientific committee that helped review the papers through all stages of the process, TEM co-chairs Philippe Ross and Lorna Heaton for overseeing the process, and especially the authors who were particularly diligent in their responses to the reviews. Finally, we would like to thank Olivier Gadeau and Ghislain Thibault for carrying out the migration and publication of the Proceedings.<\/p>\n<p><strong>Patr\u00edcia Dias da Silva<\/strong>, Universit\u00e9 de Montr\u00e9al<br \/>\n<strong>Artur de Matos Alves<\/strong>, Concordia University<br \/>\nCo-editors<\/p>\n<ul>\n<li>ATIFI, Hassan &amp; MARCOCCIA, Michel,\u00a0<span style=\"color: #000000;\"><a href=\"http:\/\/acc-cca.ca\/wp-content\/uploads\/2018\/11\/ATIFI_Hassan_MARCOCCIA_Michel_-L_emergence_de_la_television-sociale.pdf\">L\u2019\u00e9mergence de la t\u00e9l\u00e9vision sociale en France. Le r\u00f4le des tweets dans l\u2019\u00e9mission politique \u00ab Des Paroles et des Actes \u00bb<\/a>\u00a0;<\/span><\/li>\n<li><span style=\"color: #000000;\">BOURDELOIE, H\u00e9l\u00e8ne,\u00a0<a href=\"http:\/\/acc-cca.ca\/wp-content\/uploads\/2018\/11\/BOURDELOIE_TEM2015.pdf\">Digital Lives of the Deceased: The Post-Mortem data uses<\/a>\u00a0;<\/span><\/li>\n<li><span style=\"color: #000000;\">DURET, Christophe,\u00a0<a href=\"http:\/\/acc-cca.ca\/wp-content\/uploads\/2018\/11\/DURET_TEM2015.pdf\">Rh\u00e9torique vid\u00e9oludique et micro-dispositif de cl\u00f4ture du champ exp\u00e9rientiel : Une analyse des strat\u00e9gies de persuasion du jeu \u00e0 th\u00e8se\u00a0<em>Every Day the Same Dream<\/em><\/a>\u00a0\u00a0;<\/span><\/li>\n<li><span style=\"color: #000000;\">FORTIN, Claude &amp; HENNESSY, Kate,\u00a0<a href=\"http:\/\/acc-cca.ca\/wp-content\/uploads\/2018\/11\/FORTIN_HENNESSY_TEM2015.pdf\">Social NUIs for Smarter Cities: Shareable Interfaces to Engage Public Interaction<\/a>\u00a0;<\/span><\/li>\n<li><span style=\"color: #000000;\">MARTIN, Corinne,\u00a0<a href=\"http:\/\/acc-cca.ca\/wp-content\/uploads\/2018\/11\/MARTIN_Corinne_Vers_la_fin_du_roaming_en_Europe.pdf\">Vers la fin du roaming en Europe ? La fronti\u00e8re num\u00e9rique des frontaliers fran\u00e7ais au Luxembourg<\/a>\u00a0;<\/span><\/li>\n<li><span style=\"color: #000000;\">SAWCHUK, Kim &amp; LAFONTAINE, Constance,\u00a0<a href=\"http:\/\/acc-cca.ca\/wp-content\/uploads\/2018\/11\/SAWCHUK_TEM2015.pdf\">Precarious Ageing: Questioning Access, Creating InterACTion<\/a>\u00a0;<\/span><\/li>\n<li><span style=\"color: #000000;\">TOUIR, Ghada,\u00a0<a href=\"http:\/\/acc-cca.ca\/wp-content\/uploads\/2018\/11\/TOUIR_TEM2015.pdf\">S\u2019approprier les technologies num\u00e9riques en milieu associatif au Qu\u00e9bec<\/a>\u00a0;<\/span><\/li>\n<li><span style=\"color: #000000;\">VIDAL TORRES, Ricardo,\u00a0<a href=\"http:\/\/acc-cca.ca\/wp-content\/uploads\/2018\/11\/VIDAL_TORRES_TEM2015.pdf\">Les comp\u00e9tences des participants dans les sciences participatives sur Internet : une exploration de\u00a0<em>Foldit<\/em><\/a>\u00a0.<\/span><\/li>\n<\/ul>\n<hr \/>\n<h3>TEM 2014<\/h3>\n<p><span style=\"color: #999999;\">C&#8217;est avec plaisir que nous vous pr\u00e9sentons le troisi\u00e8me num\u00e9ro des Actes de la section Technologie et m\u00e9dias \u00e9mergents (TEM). Les textes regroup\u00e9s donnent un aper\u00e7u de quelques travaux de recherche pr\u00e9sent\u00e9s lors de la troisi\u00e8me rencontre de la section qui s\u2019est d\u00e9roul\u00e9e \u00e0 l\u2019Universit\u00e9 Brock (St-Catharines, Ontario), du 28 au 30 mai 2014, dans le cadre du colloque annuel de l\u2019Association canadienne de communication (ACC). Les textes publi\u00e9s ont \u00e9t\u00e9 retenus au terme d\u2019un processus d\u2019\u00e9valuation par les pairs en double aveugle.<\/span><\/p>\n<p><span style=\"color: #999999;\">Cette troisi\u00e8me \u00e9dition contribue \u00e0 faire de la section TEM un rendez-vous important pour les chercheur.e.s, professeur.e.s, \u00e9tudiant.e.s et personnes praticiennes qui sont int\u00e9ress\u00e9s par l\u2019\u00e9tude des technologies et des m\u00e9dias \u00e9mergents. Nous tenons \u00e0 remercier tous les participant.e.s qui ont rendu cette rencontre possible et qui ont contribu\u00e9 \u00e0 la publication de l\u2019\u00e9dition 2014 des Actes.<\/span><\/p>\n<p><span style=\"color: #999999;\">Des remerciements tout particuliers doivent \u00eatre adress\u00e9s aux personnes qui ont g\u00e9n\u00e9reusement accept\u00e9 d\u2019\u00e9valuer les textes soumis. Merci aussi aux auteur.e.s, qui ont r\u00e9pondu au processus d\u2019\u00e9valuation avec enthousiasme et diligence. Nous sommes reconnaissants envers les co-pr\u00e9sidents de la section TEM, Guillaume-Latzko-Toth et Philippe Ross, qui nous ont soutenus durant le processus de publication. Enfin, nous d\u00e9sirons exprimer nos remerciements \u00e0 Olivier Gadeau, qui a proc\u00e9d\u00e9 \u00e0 la mise en ligne de ce num\u00e9ro.<\/span><\/p>\n<p><span style=\"color: #999999;\"><strong>Aiden Buckland<\/strong>, Universit\u00e9 de Calgary<\/span><br \/>\n<span style=\"color: #999999;\"><strong>Caroline Caron<\/strong>, Universit\u00e9 du Qu\u00e9bec en Outaouais,<br \/>\nCo-directeur et co-directrice.<\/span><\/p>\n<p>We are pleased to present the third issue of the Proceedings of the Technology and Emerging Media (TEM) track of the Canadian Communication Association. The consolidated texts give an overview of some research presented at our meeting held at Brock University (St. Catharines, Ontario), from 28 to 30 May 2014, as part of the annual Canadian Communication Association (CCA) conference. The published texts were selected after a double blind peer review process.<\/p>\n<p>This third edition helps make the TEM section an important meeting for researchers, professors, students and practitioners who are interested in the study of technology and emerging media. We thank all the participants who made this meeting possible and also those who contributed to the publication of the 2014 proceedings.<\/p>\n<p>Special thanks should be sent to people who have generously agreed to evaluate the submitted texts. Thank you to authors who responded to the evaluation process with enthusiasm and diligence. We are grateful to the co-chairs of the TEM section, Guillaume Latzko-Toth and Philippe Ross, who supported us during the publishing process. Finally, we wish to express our thanks to Olivier Gadeau, who conducted the launch of this issue.<\/p>\n<p><strong>Aiden Buckland<\/strong>, Universit\u00e9 of Calgary<br \/>\n<strong>Caroline Caron<\/strong>, Universit\u00e9 du Qu\u00e9bec en Outaouais,<br \/>\nCo-editors.<\/p>\n<ul>\n<li>M\u00e9lodie\u00a0Cardin,\u00a0<a href=\"http:\/\/acc-cca.ca\/wp-content\/uploads\/2018\/11\/CARDIN-TEM2014.pdf\">Social Media in Steubenville :\u00a0Understanding the Power Dynamic of Rape Culture<\/a>\u00a0;<\/li>\n<li>Caroline Caron,\u00a0<a href=\"http:\/\/acc-cca.ca\/wp-content\/uploads\/2018\/11\/CARON-TEM2014.pdf\">Social Media and Youth Civic Engagement: A Developing Field of Inquiry<\/a>\u00a0;<\/li>\n<li>Christophe Duret,\u00a0<a href=\"http:\/\/acc-cca.ca\/wp-content\/uploads\/2018\/11\/DURET-TEM2014.pdf\">Mise en r\u00e9cit et sociogrammes dans les tribunes en ligne de Radio-Canada.ca<\/a>\u00a0;<\/li>\n<li>Mylynn Felt,\u00a0<a href=\"http:\/\/acc-cca.ca\/wp-content\/uploads\/2018\/11\/FELT-TEM2014.pdf\">Framing \u201cCyberbullying\u201d: Competing Frame Coverage of Rehtaeh Parsons\u2019 Death<\/a>\u00a0;<\/li>\n<li>Claude Fortin, &amp; Kate Hennessy,\u00a0<a href=\"http:\/\/acc-cca.ca\/wp-content\/uploads\/2018\/11\/FORTIN-HENNESSY-TEM2014.pdf\">Unintentional Design : How Some Citizens Appropriated M\u00e9gaphone in Public and Virtual Space<\/a>\u00a0;<\/li>\n<li>Lisa La Rocca,\u00a0<a href=\"http:\/\/acc-cca.ca\/wp-content\/uploads\/2018\/11\/LAROCCA-TEM2014.pdf\">Has the Independent Musician Been Empowered? Analyzing the Use of Internet Technologies for Music Promotion<\/a>\u00a0;<\/li>\n<li class=\"last faux-last\">Nathaniel Weiner,\u00a0<a href=\"http:\/\/acc-cca.ca\/wp-content\/uploads\/2018\/11\/WEINER-TEM2014.pdf\">eBay\u2019s Digital Culture: Friction-free Capitalism in a Consumer Heterotopia<\/a>.<\/li>\n<\/ul>\n<hr \/>\n<h3>TEM 2013<\/h3>\n<p><span style=\"color: #999999;\">Faisant suite \u00e0 l\u2019initiative prise en 2012, il nous fait plaisir de pr\u00e9senter ce nouveau num\u00e9ro des Actes de la section Technologie et m\u00e9dias \u00e9mergents. Cette s\u00e9rie de textes de format court propose un panorama des travaux de recherche pr\u00e9sent\u00e9s dans le cadre du colloque annuel de l\u2019Association canadienne de communication qui s\u2019est tenu \u00e0 l\u2019Universit\u00e9 de Victoria, en Colombie-Britannique, du 5 au 7 juin 2013. Les articles s\u00e9lectionn\u00e9s ont \u00e9t\u00e9 retenus au terme d\u2019un processus d\u2019\u00e9valuation par les pairs \u00e0 l\u2019aveugle.<\/span><\/p>\n<p><span style=\"color: #999999;\">Cette seconde livraison comporte six textes couvrant un large \u00e9ventail de sujets de recherche dans le domaine des technologies et des m\u00e9dias \u00e9mergents, depuis le routage international d\u2019Internet et la cyber-surveillance, jusqu\u2019aux nouvelles fa\u00e7ons d\u2019interagir avec son environnement physique rendues possibles aux usagers d\u2019appareils mobiles gr\u00e2ce aux applications de musique. Qu\u2019ils pr\u00e9sentent des r\u00e9sultats d\u00e9finitifs ou qu\u2019ils rendent compte de projets en cours, les textes rassembl\u00e9s ici visent \u00e0 susciter la r\u00e9flexion et ils contribuent \u00e0 un ensemble grandissant de th\u00e9ories et de m\u00e9thodes par lesquelles les technologies et m\u00e9dias \u00e9mergents peuvent \u00eatre saisis.<\/span><\/p>\n<p><span style=\"color: #999999;\">Cette seconde \u00e9dition des Actes contribue \u00e0 faire de la section TEM un rendez-vous important pour les chercheurs, professeurs, \u00e9tudiants et praticiens int\u00e9ress\u00e9s par l\u2019\u00e9tude des technologies et des m\u00e9dias \u00e9mergents.<\/span><\/p>\n<p><span style=\"color: #999999;\">Nous tenons \u00e0 remercier tous les participants qui ont contribu\u00e9 \u00e0 la section TEM \u00e0 Victoria, le comit\u00e9 scientifique qui a aid\u00e9 \u00e0 \u00e9valuer les articles \u00e0 toutes les \u00e9tapes du processus, les copr\u00e9sidents de section Guillaume Latzko-Toth et Florence Millerand, et plus particuli\u00e8rement les auteurs qui ont soumis des articles pour ces actes. Enfin, un merci tout sp\u00e9cial \u00e0 Olivier Gadeau pour son magnifique travail dans la confection des fichiers PDF.<\/span><\/p>\n<p><span style=\"color: #999999;\"><strong>Philippe Ross<\/strong>, Universit\u00e9 d\u2019Ottawa<\/span><br \/>\n<span style=\"color: #999999;\"><strong>Jeremy Shtern<\/strong>, Ryerson University<\/span><br \/>\n<span style=\"color: #999999;\">Co-directeurs.<\/span><\/p>\n<p>Following on the initiative undertaken in 2012, it is our pleasure to present this year&#8217;s edition of the Technology and Emerging Media Proceedings. This edited collection of short papers offers an overview of research and scholarship presented during the 2013 annual conference of the Canadian Communication Association held at the University of Victoria, on Vancouver Island, BC, June 5-7, 2013. Each paper selected for inclusion in these proceedings went through a double blind peer-review process.<\/p>\n<p>This second edition includes six papers representing a vast range of research topics in the area of technology and emerging media, from international internet routing and surveillance to the new ways users of mobile devices can experience their physical surroundings through music apps. Whether they present definitive findings or report on research in progress, the papers gathered here are thought provoking and they contribute to the growing body of theories and methods through which technology and emerging media can be apprehended.<\/p>\n<p>This second edition of the proceedings indicates that the TEM track continues to establish itself as an important gathering for all researchers, professors, students and practitioners interested in the study of technology and emerging media.<\/p>\n<p>We wish to thank all the participants who contributed to the TEM track in Victoria, the scientific committee that helped review the papers through all stages of the process, TEM track co-chairs Guillaume Latzko-Toth and Florence Millerand for overseeing the process, and especially the authors who submitted papers to these proceedings.<\/p>\n<p align=\"left\">Finally, special thanks to Olivier Gadeau who did a terrific job designing\/creating the website and crafting the PDF files.<\/p>\n<p><strong>Philippe Ross<\/strong>, University of Ottawa<br \/>\n<strong>Jeremy Shtern<\/strong>, Ryerson University<br \/>\nCo-editors.<\/p>\n<ul>\n<li>Ataharul Chowdhury &amp; Helen Hambly Odame,\u00a0<a href=\"http:\/\/acc-cca.ca\/wp-content\/uploads\/2018\/11\/CHOWDHURY-HAMBLY-TEM2013.pdf\">Do Social Media Support &#8216;Social&#8217; Change ? Insights from a Communication for Social\u00a0Change Perspective in Agriculture and Rural Development<\/a>\u00a0;<\/li>\n<li>Mohammad Sadeghi Esfahlani &amp; Aiden W. J. Buckland,\u00a0<a href=\"http:\/\/acc-cca.ca\/wp-content\/uploads\/2018\/11\/ESFAHLANI-BUCKLAND-TEM2013.pdf\">Facebook and Iranian Electoral Politics : An Actor-Network Perspective<\/a>\u00a0;<\/li>\n<li>Jonathan A. Obar &amp; Andrew Clement,\u00a0<a href=\"http:\/\/acc-cca.ca\/wp-content\/uploads\/2018\/11\/OBAR-CLEMENT-TEM2013.pdf\">Internet Surveillance and Boomerang Routing : A Call for Canadian Network Sovereignty<\/a>\u00a0;<\/li>\n<li>Margarida Romero,\u00a0<a href=\"http:\/\/acc-cca.ca\/wp-content\/uploads\/2018\/11\/ROMERO-TEM2103.pdf\">Supporting cognitive enhancement and social interaction among the elderly through use of tablet computing<\/a>\u00a0;<\/li>\n<li>Philippe Ross,\u00a0<a href=\"http:\/\/acc-cca.ca\/wp-content\/uploads\/2018\/11\/ROSS-TEM2013.pdf\">Testing Media Producers Through Imitation Games : The Promise of a Novel Experimental Method<\/a>\u00a0;<\/li>\n<li class=\"last faux-last\">Samuel Thulin,\u00a0<a href=\"http:\/\/acc-cca.ca\/wp-content\/uploads\/2018\/11\/THULIN-TEM2013.pdf\">Moving Beyond the Auditory Bubble : Apps, Gestures, and Musical Participation<\/a>.<\/li>\n<\/ul>\n<hr \/>\n<h3>TEM 2012<\/h3>\n<p><span style=\"color: #999999;\">C\u2019est avec plaisir que nous vous pr\u00e9sentons la premi\u00e8re \u00e9dition des Actes de la section Technologie et M\u00e9dias \u00e9mergents 2012. Cette s\u00e9rie de textes de format court propose un panorama des travaux de recherche pr\u00e9sent\u00e9s dans le cadre du colloque annuel de l\u2019Association canadienne de communication qui s\u2019est tenu \u00e0 Waterloo (Ontario) \u00e0 l\u2019Universit\u00e9 Wilfrid-Laurier et \u00e0 l\u2019Universit\u00e9 de Waterloo, du 30 mai au 1er juin 2012. Les articles s\u00e9lectionn\u00e9s ont \u00e9t\u00e9 retenus au terme d\u2019un processus d\u2019\u00e9valuation par les pairs \u00e0 l\u2019aveugle.<\/span><\/p>\n<p><span style=\"color: #999999;\">Cette premi\u00e8re livraison comporte 14 textes couvrant un large \u00e9ventail de sujets de recherche dans le domaine des technologies et des m\u00e9dias \u00e9mergents, depuis les usages genr\u00e9s des blogues et des smartphones, jusqu\u2019au pouvoir structurant du code et des algorithmes sur la communication humaine.<\/span><\/p>\n<p><span style=\"color: #999999;\">Nous esp\u00e9rons poursuivre la publication de ces actes et voir la section TEM devenir un rendez-vous annuel pour les chercheurs, professeurs, \u00e9tudiants et praticiens int\u00e9ress\u00e9s par l\u2019\u00e9tude des technologies et des m\u00e9dias \u00e9mergents.<\/span><\/p>\n<p><span style=\"color: #999999;\">Nous tenons \u00e0 remercier tous les participants qui ont contribu\u00e9 \u00e0 la section TEM \u00e0 Waterloo, le comit\u00e9 scientifique qui a aid\u00e9 \u00e0 \u00e9valuer les articles \u00e0 toutes les \u00e9tapes du processus, et plus particuli\u00e8rement les auteurs qui ont soumis des articles pour ces actes. Enfin, un merci tout sp\u00e9cial \u00e0 Olivier Gadeau pour son magnifique travail dans la confection des fichiers PDF.<\/span><\/p>\n<p><span style=\"color: #999999;\"><strong>Guillaume Lazko-Toth<\/strong>, Universit\u00e9 Laval<\/span><br \/>\n<span style=\"color: #999999;\"><strong>Florence Millerand<\/strong>, Universit\u00e9 du Qu\u00e9bec \u00e0 Montr\u00e9al<\/span><br \/>\n<span style=\"color: #999999;\">Co-directeurs.<\/span><\/p>\n<p>We are pleased to introduce the inaugural edition of the Technology and Emerging Media 2012 Proceedings. This edited collection of short papers offers an overview of research and scholarship presented in the context of the annual conference of the Canadian Communication Association held in Waterloo, Ontario at Wilfrid Laurier University and the University of Waterloo, from May 30th to June 1st, 2012. The selected papers went through a blind peer-review process.<\/p>\n<p>This first edition includes 14 papers representing a vast range of research topics in the area of technology and emerging media, from gendered uses of blogs and smartphones to the structuring power of code and algorithms on human communication.<\/p>\n<p>We hope to continue publishing these proceedings and to see the TEM track grow into an annual gathering for all researchers, professors, students and practitioners interested in the study of technology and emerging media.<\/p>\n<p>We wish to thank all the participants who contributed to the TEM track in Waterloo, the scientific committee that helped review the papers through all stages of the process, and especially the authors who submitted papers to these proceedings. Finally, special thanks to Olivier Gadeau who did a terrific job designing\/creating the website and crafting the PDF files.<\/p>\n<p><strong>Guillaume Lazko-Toth<\/strong>, Universit\u00e9 Laval<br \/>\n<strong>Florence Millerand<\/strong>, Universit\u00e9 du Qu\u00e9bec \u00e0 Montr\u00e9al<br \/>\nCo-editors.<\/p>\n<ul>\n<li>Laurence Clennett-Sirois, <a href=\"http:\/\/acc-cca.ca\/wp-content\/uploads\/2018\/11\/CLENNETT-TEM2012.pdf\">Women&#8217;s Blogging :\u00a0Where Gender, Technology, Power and Pleasure Collide<\/a>\u00a0;<\/li>\n<li>Mireia Fern\u00e1ndez-Ard\u00e8vol, <a href=\"http:\/\/acc-cca.ca\/wp-content\/uploads\/2018\/11\/FERNANDEZ-TEM2012.pdf\">Missed Calls :\u00a0Barcelona and Los Angeles compared<\/a>\u00a0;<\/li>\n<li>Julie Frizzo-Barker &amp; Peter Chow-White,\u00a0<a href=\"http:\/\/acc-cca.ca\/wp-content\/uploads\/2018\/11\/FRIZZOBARKER-CHOWWHITE-TEM2012.pdf\">Strategic Tools of Networked Individualism : How women mediate work and everyday life through smartphone apps<\/a>\u00a0;<\/li>\n<li>Paula Gardner,\u00a0<a href=\"http:\/\/acc-cca.ca\/wp-content\/uploads\/2018\/11\/GARDNER-TEM2012.pdf\">Resisting the Transhuman Subject : Media Art Toying with Biometric Machines, Code and Modular Thinking<\/a>\u00a0;<\/li>\n<li>Marco Giardina,\u00a0<a href=\"http:\/\/acc-cca.ca\/wp-content\/uploads\/2018\/11\/GIARDINA-TEM2012.pdf\">Emerging Media Channels :\u00a0Mobile Tablet Powered News Dissemination<\/a>\u00a0;<\/li>\n<li>Line Grenier,\u00a0<a href=\"http:\/\/acc-cca.ca\/wp-content\/uploads\/2018\/11\/GRENIER-TEM2012.pdf\">Ageing and\/as Enduring :\u00a0Discussing with \u201cTurtles [that] don\u2019t die of old age\u201d<\/a>\u00a0;<\/li>\n<li>Mary Jane Kwok Choon &amp; Isabelle Caron,\u00a0<a href=\"http:\/\/acc-cca.ca\/wp-content\/uploads\/2018\/11\/KWOK-CARON-TEM2012.pdf\">Artveillance Practices : From graffiti to social network sites<\/a>\u00a0;<\/li>\n<li>Guillaume Latzko-Toth &amp;\u00a0Kevin G. Barnhurst,\u00a0<a href=\"http:\/\/acc-cca.ca\/wp-content\/uploads\/2018\/11\/LATZKOTOTH-BARNHURST-TEM2012.pdf\">The Silent Invasion of the Matrix : Q(uee)R-coding Public Visual Spaces<\/a>\u00a0;<\/li>\n<li>Felan Parker,\u00a0<a href=\"http:\/\/acc-cca.ca\/wp-content\/uploads\/2018\/11\/PARKER-TEM2012.pdf\">Play-By-Play :\u00a0Audio Commentary in Digital Games<\/a>\u00a0;<\/li>\n<li>Anabel Quan-Haase &amp; Kim Martin,\u00a0<a href=\"http:\/\/acc-cca.ca\/wp-content\/uploads\/2018\/11\/QUAN-MARTIN-TEM2012.pdf\">\u201cI would love to know more\u201d : Knowledge Acquisition in the Adoption of Ebooks\u00a0<\/a>;<\/li>\n<li>Matt Ratto,\u00a0<a href=\"http:\/\/acc-cca.ca\/wp-content\/uploads\/2018\/11\/RATTO-TEM2012.pdf\">Textual doppelg\u00e4ngers : critical issues in the study of technology<\/a>\u00a0;<\/li>\n<li>Neal Thomas,\u00a0<a href=\"http:\/\/acc-cca.ca\/wp-content\/uploads\/2018\/11\/THOMAS-TEM2012.pdf\">Algorithmic subjectivity and the need to be in-formed<\/a>\u00a0;<\/li>\n<li>Miles Weafer,\u00a0<a href=\"http:\/\/acc-cca.ca\/wp-content\/uploads\/2018\/11\/WEAFER-TEM2012.pdf\">Moving Past the Canadian Pacific Railway : The impact of transportation networks on Canadian communications thought<\/a>\u00a0;<\/li>\n<li class=\"last faux-last\">Chui Yin Wong,\u00a0<a href=\"http:\/\/acc-cca.ca\/wp-content\/uploads\/2018\/11\/WONG-TEM2012.pdf\">Extraordinary Lives : living, working and ageing in Malaysia.<\/a><\/li>\n<\/ul>\n","protected":false},"excerpt":{"rendered":"<p>TEM 2015 Il nous fait plaisir de vous pr\u00e9senter ce nouveau num\u00e9ro des Actes de la section Technologie et m\u00e9dias \u00e9mergents (TEM) de l\u2019Association canadienne de communication (ACC). Les textes regroup\u00e9s donnent un aper\u00e7u des travaux de recherche pr\u00e9sent\u00e9s lors du colloque annuel de 2015 de l\u2019Association canadienne de communication qui s\u2019est tenu \u00e0 Ottawa, &hellip; <a href=\"https:\/\/acc-cca.ca\/index.php\/conference\/previous-conference-keynotes-programs\/actes-du-colloque-proceedings\/\" class=\"more-link\">Continue reading <span class=\"screen-reader-text\">Proceedings of the Technology and Emerging Media interest group \u2022 Section technologie et m\u00e9dias \u00e9mergents (2012-15)<\/span> <span class=\"meta-nav\">&rarr;<\/span><\/a><\/p>\n","protected":false},"author":1,"featured_media":0,"parent":728,"menu_order":0,"comment_status":"closed","ping_status":"closed","template":"","meta":{"ub_ctt_via":""},"featured_image_src":null,"_links":{"self":[{"href":"https:\/\/acc-cca.ca\/index.php\/wp-json\/wp\/v2\/pages\/174"}],"collection":[{"href":"https:\/\/acc-cca.ca\/index.php\/wp-json\/wp\/v2\/pages"}],"about":[{"href":"https:\/\/acc-cca.ca\/index.php\/wp-json\/wp\/v2\/types\/page"}],"author":[{"embeddable":true,"href":"https:\/\/acc-cca.ca\/index.php\/wp-json\/wp\/v2\/users\/1"}],"replies":[{"embeddable":true,"href":"https:\/\/acc-cca.ca\/index.php\/wp-json\/wp\/v2\/comments?post=174"}],"version-history":[{"count":14,"href":"https:\/\/acc-cca.ca\/index.php\/wp-json\/wp\/v2\/pages\/174\/revisions"}],"predecessor-version":[{"id":1387,"href":"https:\/\/acc-cca.ca\/index.php\/wp-json\/wp\/v2\/pages\/174\/revisions\/1387"}],"up":[{"embeddable":true,"href":"https:\/\/acc-cca.ca\/index.php\/wp-json\/wp\/v2\/pages\/728"}],"wp:attachment":[{"href":"https:\/\/acc-cca.ca\/index.php\/wp-json\/wp\/v2\/media?parent=174"}],"curies":[{"name":"wp","href":"https:\/\/api.w.org\/{rel}","templated":true}]}}