{"id":728,"date":"2021-10-24T17:52:43","date_gmt":"2021-10-24T17:52:43","guid":{"rendered":"https:\/\/acc-cca.ca\/?page_id=728"},"modified":"2025-12-16T18:38:19","modified_gmt":"2025-12-16T18:38:19","slug":"previous-conference-keynotes-programs","status":"publish","type":"page","link":"https:\/\/acc-cca.ca\/index.php\/conference\/previous-conference-keynotes-programs\/","title":{"rendered":"Conference Archive \u2022 Archives du colloque"},"content":{"rendered":"\n<div class=\"wp-block-group is-layout-constrained\"><div class=\"wp-block-group__inner-container\">\n<h4 class=\"wp-block-heading\">Past Meetings<\/h4>\n\n\n\n<p><a href=\"https:\/\/acc-cca.ca\/wp-content\/uploads\/2025\/12\/CCA2025Program.pdf\">CCA 2025<\/a> \/\/ George Brown College, Toronto, ON (<a href=\"https:\/\/acc-cca.ca\/index.php\/conference\/previous-conference-keynotes-programs\/cca-2025-june-2-5-toronto\/\">Round-up<\/a>)<\/p>\n\n\n\n<p><a rel=\"noreferrer noopener\" href=\"https:\/\/acc-cca.ca\/wp-content\/uploads\/2024\/06\/CCA-2024V2.pdf\" data-type=\"attachment\" data-id=\"1306\" target=\"_blank\">CCA 2024<\/a> \/\/ Universit\u00e9 de Montr\u00e9al, Montr\u00e9al QC (<a href=\"https:\/\/acc-cca.ca\/index.php\/conference\/cca-2024-june-18-21-montreal\/\" data-type=\"page\" data-id=\"1224\">Round-up<\/a>)<\/p>\n\n\n\n<p><a rel=\"noreferrer noopener\" href=\"https:\/\/acc-cca.ca\/wp-content\/uploads\/2023\/05\/CCA23-Official-Program.pdf\" data-type=\"attachment\" data-id=\"1175\" target=\"_blank\">CCA 2023<\/a> \/\/ York University, Toronto ON (<a rel=\"noreferrer noopener\" href=\"https:\/\/acc-cca.ca\/index.php\/2023-roundup\/\" data-type=\"page\" data-id=\"1204\" target=\"_blank\">Round-up<\/a>)<\/p>\n\n\n\n<p><a rel=\"noreferrer noopener\" href=\"https:\/\/acc-cca.ca\/wp-content\/uploads\/2022\/06\/CCA-2022.pdf\" target=\"_blank\">CCA 2022<\/a> \/\/ Online (<a href=\"https:\/\/acc-cca.ca\/index.php\/2022-roundup\/\" data-type=\"page\" data-id=\"966\">Round-up<\/a>)<a href=\"https:\/\/acc-cca.ca\/wp-content\/uploads\/2025\/12\/CCA2025Program.pdf\">https:\/\/acc-cca.ca\/wp-content\/uploads\/2025\/12\/CCA2025Program.pdf<\/a><\/p>\n\n\n\n<p><a rel=\"noreferrer noopener\" href=\"https:\/\/acc-cca.ca\/wp-content\/uploads\/2021\/11\/CCA21_ACC21_Finalprogram-1.pdf\" target=\"_blank\">CCA 2021<\/a> \/\/ Online (<a href=\"https:\/\/acc-cca.ca\/index.php\/conference-2021\/\" data-type=\"page\" data-id=\"642\">Round-up<\/a>)<\/p>\n\n\n\n<p>CCA 2020 (cancelled due to COVID-19)<\/p>\n\n\n\n<p><a rel=\"noreferrer noopener\" href=\"https:\/\/acc-cca.ca\/wp-content\/uploads\/2022\/06\/CCA2019.pdf\" target=\"_blank\">CCA 2019<\/a> \/\/ University of British Columbia, Vancouver BC<\/p>\n\n\n\n<p><a rel=\"noreferrer noopener\" href=\"https:\/\/acc-cca.ca\/wp-content\/uploads\/2022\/05\/CCA-2018.pdf\" target=\"_blank\">CCA 2018<\/a> \/\/ University of Regina, Regina SK<\/p>\n\n\n\n<p><a href=\"https:\/\/acc-cca.ca\/wp-content\/uploads\/2022\/05\/CCA-2017.pdf\" target=\"_blank\" rel=\"noreferrer noopener\">CCA 2017<\/a> \/\/ Ryerson University, Toronto ON<\/p>\n\n\n\n<p><a href=\"https:\/\/acc-cca.ca\/wp-content\/uploads\/2022\/05\/CCA-2016.pdf\">CCA 2016<\/a> \/\/ University of Calgary, Calgary AB<\/p>\n\n\n\n<p><a href=\"https:\/\/acc-cca.ca\/wp-content\/uploads\/2022\/05\/CCA-2015.pdf\">CCA 2015<\/a> \/\/ University of Ottawa, Ottawa ON<\/p>\n\n\n\n<p><a href=\"https:\/\/acc-cca.ca\/wp-content\/uploads\/2022\/05\/CCA-2014.pdf\">CCA 2014<\/a> \/\/ Brock University, St. Catharines ON<\/p>\n\n\n\n<p><a href=\"https:\/\/acc-cca.ca\/wp-content\/uploads\/2022\/05\/CCA-2013.pdf\">CCA 2013<\/a> \/\/ University of Victoria, Victoria BC<\/p>\n\n\n\n<p><a href=\"https:\/\/acc-cca.ca\/wp-content\/uploads\/2022\/05\/CCA-2012.pdf\">CCA 2012<\/a> \/\/ Wilfred Laurier &amp; Waterloo Universities, Kitchener-Waterloo ON<\/p>\n\n\n\n<p><a href=\"https:\/\/acc-cca.ca\/wp-content\/uploads\/2022\/05\/CCA-2011.pdf\">CCA 2011<\/a> \/\/ University of New Brunswick, Fredericton NB<\/p>\n\n\n\n<p><a href=\"https:\/\/acc-cca.ca\/wp-content\/uploads\/2022\/05\/CCA-2010.pdf\">CCA 2010<\/a> \/\/ Concordia University, Montr\u00e9al QC<\/p>\n\n\n\n<p><a href=\"https:\/\/acc-cca.ca\/wp-content\/uploads\/2022\/05\/CCA-2009.pdf\">CCA 2009<\/a> \/\/ Carleton University, Ottawa ON<\/p>\n\n\n\n<p><a href=\"https:\/\/acc-cca.ca\/wp-content\/uploads\/2022\/05\/CCA-2008.pdf\">CCA 2008<\/a> \/\/ University of British Columbia, Vancouver BC<\/p>\n\n\n\n<p><a href=\"https:\/\/acc-cca.ca\/wp-content\/uploads\/2022\/05\/CCA-2007-1.pdf\">CCA 2007<\/a> \/\/ University of Saskatchewan, Saskatoon SK<\/p>\n\n\n\n<p>CCA 2006 \/\/ York University, Toronto ON<\/p>\n\n\n\n<p>CCA 2005 \/\/ University of Western Ontario, London ON<\/p>\n\n\n\n<p>CCA 2004 \/\/ University of Manitoba, Winnipeg MB<\/p>\n\n\n\n<p>CCA 2003 \/\/ Dalhousie University, Halifax NS<\/p>\n\n\n\n<p>CCA 2002 \/\/ University of Toronto, Toronto ON<\/p>\n\n\n\n<p>CCA 2001 \/\/ Laval University, Quebec City QC<\/p>\n\n\n\n<p>CCA 2000 \/\/ University of Alberta, Edmonton AB<\/p>\n\n\n\n<p><a rel=\"noreferrer noopener\" href=\"https:\/\/acc-cca.ca\/wp-content\/uploads\/2022\/05\/CCA-1999.pdf\" target=\"_blank\">CCA 1999<\/a> \/\/ Universit\u00e9 de Sherbrooke<\/p>\n\n\n\n<p>CCA 1998 \/\/ Ottawa ON<\/p>\n\n\n\n<p>CCA 1997 \/\/ St. John\u2019s NL<\/p>\n\n\n\n<p>CCA 1996 \/\/ St. Catharines ON<\/p>\n\n\n\n<p>CCA 1995 \/\/ Montreal QC<\/p>\n\n\n\n<p>CCA 1994 \/\/ Calgary AB<\/p>\n\n\n\n<p>CCA 1993 \/\/ Ottawa ON<\/p>\n\n\n\n<p>CCA 1992 \/\/ Charlottetown PEI<\/p>\n\n\n\n<p>CCA 1991 \/\/ Kingston ON<\/p>\n\n\n\n<p>CCA 1990 \/\/ Victoria B.C.<\/p>\n\n\n\n<p>CCA 1989 \/\/ Quebec City QC<\/p>\n\n\n\n<p>CCA 1988 \/\/ Windsor ON<\/p>\n\n\n\n<p>CCA 1987 \/\/ Hamilton ON<\/p>\n\n\n\n<p>CCA 1986 \/\/ Winnipeg MB <\/p>\n\n\n\n<p>CCA 1985 \/\/ Montreal QC<\/p>\n\n\n\n<p>CCA 1984 \/\/ Guelph ON<\/p>\n\n\n\n<p>CCA 1983 \/\/ Victoria BC<\/p>\n\n\n\n<p>CCA 1982 \/\/ Ottawa ON<\/p>\n\n\n\n<p>CCA 1981 \/\/ Hamilton ON<\/p>\n\n\n\n<p>CCA 1980 (inaugural meeting) \/\/ Montreal QC<\/p>\n<\/div><\/div>\n\n\n\n<hr class=\"wp-block-separator has-alpha-channel-opacity\"\/>\n\n\n\n<div class=\"wp-block-group is-layout-constrained\"><div class=\"wp-block-group__inner-container\">\n<h4 class=\"wp-block-heading\">Keynote Speakers<\/h4>\n\n\n\n<div class=\"wp-block-group is-layout-constrained\"><div class=\"wp-block-group__inner-container\">\n<p>2025: <a href=\"https:\/\/www.sarahsharma.com\/\" target=\"_blank\" rel=\"noreferrer noopener\">Sarah Sharma<\/a><\/p>\n\n\n\n<p>2024: <a rel=\"noreferrer noopener\" href=\"https:\/\/www.filmandmedia.ucsb.edu\/person\/lisa-parks\/\" target=\"_blank\">Lisa Parks<\/a><\/p>\n\n\n\n<p>2023: <a href=\"https:\/\/steinhardt.nyu.edu\/people\/paula-chakravartty\">Paula Chakravartty<\/a><\/p>\n\n\n\n<p>2022: <a href=\"https:\/\/en.wikipedia.org\/wiki\/Jack_Halberstam\">Jack Halberstam<\/a> \/ <a href=\"https:\/\/www.thecanadianencyclopedia.ca\/en\/article\/sylvia-hamilton\">Sylvia D. Hamilton<\/a> (co-keynote with FSAC)<\/p>\n\n\n\n<p>2021: <a href=\"https:\/\/acc-cca.ca\/index.php\/cca21-dr-charlton-mcilwain-how-to-make-your-technology-anti-racist\/\">Charlton McIlwain<\/a> (<a href=\"https:\/\/acc-cca.ca\/wp-admin\/post.php?post=658&amp;action=edit\">video of keynote<\/a>)<\/p>\n\n\n\n<p>2020: No conference<\/p>\n\n\n\n<p>2019: <a href=\"https:\/\/www.sfu.ca\/communication\/team\/faculty\/wendy-chun.html\">Wendy Hui Kyong Chun<\/a> \/ <a href=\"https:\/\/professeurs.uqam.ca\/professeur\/trudel.gisele\/\">Gis\u00e8le Trudel<\/a><\/p>\n\n\n\n<p>2018: <a href=\"https:\/\/jackson2bears.net\/\">Jackson 2bears<\/a><\/p>\n\n\n\n<p>2017: <a href=\"https:\/\/cals.cornell.edu\/tarleton-gillespie\">Tarleton Gillespie<\/a><\/p>\n\n\n\n<p>2016: <a href=\"https:\/\/www.arts.auckland.ac.nz\/people\/jlee349\">Jennifer Lees-Marshment<\/a> \/ <a href=\"https:\/\/uniweb.uottawa.ca\/members\/610\/profile\">Marc-Fran\u00e7ois Bernier<\/a><\/p>\n\n\n\n<p>2015: <a href=\"https:\/\/www.cricis.uqam.ca\/portfolio\/tremblay\/\">Ga\u00ebtan Tremblay<\/a> \/ <a href=\"https:\/\/profiles.sussex.ac.uk\/p30746-kate-oriordan\">Kate O\u2019Riordan<\/a><\/p>\n\n\n\n<p>2014: <a href=\"https:\/\/www.hws.edu\/academics\/polisci\/facultyProfile.aspx?facultyID=95\">Jodi Dean<\/a><\/p>\n\n\n\n<p>2013: <a href=\"https:\/\/histart.umontreal.ca\/repertoire-departement\/professeurs\/professeur\/in\/in14147\/sg\/Silvestra%20Mariniello\/\">Silvestra Mariniello<\/a> \/ <a href=\"https:\/\/web.uvic.ca\/~akroker\/\">Arthur Kroker<\/a><\/p>\n\n\n\n<p>2012: <a href=\"https:\/\/jussiparikka.net\/\">Jussi Parikka <\/a>\/ <a href=\"https:\/\/arthistory.uchicago.edu\/faculty\/profiles\/gunning\">Tom Gunning<\/a> (co-keynote with FSAC)<\/p>\n\n\n\n<p>2011: <a href=\"https:\/\/lisanakamura.net\/\">Lisa Nakamura<\/a> \/ <a href=\"https:\/\/warwick.ac.uk\/fac\/arts\/scapvc\/film\/staff\/brunsdon\/\">Charlotte Brunsdon<\/a><\/p>\n\n\n\n<p>2010: <a href=\"https:\/\/as.nyu.edu\/faculty\/lisa-gitelman.html\">Lise Gitelman <\/a>\/ <a href=\"https:\/\/www.tobymiller.org\/\">Toby Miller<\/a><\/p>\n<\/div><\/div>\n<\/div><\/div>\n\n\n\n<p><\/p>\n\n\n\n<p><\/p>\n\n\n\n<p><\/p>\n","protected":false},"excerpt":{"rendered":"<p>Past Meetings CCA 2025 \/\/ George Brown College, Toronto, ON (Round-up) CCA 2024 \/\/ Universit\u00e9 de Montr\u00e9al, Montr\u00e9al QC (Round-up) CCA 2023 \/\/ York University, Toronto ON (Round-up) CCA 2022 \/\/ Online (Round-up)https:\/\/acc-cca.ca\/wp-content\/uploads\/2025\/12\/CCA2025Program.pdf CCA 2021 \/\/ Online (Round-up) CCA 2020 (cancelled due to COVID-19) CCA 2019 \/\/ University of British Columbia, Vancouver BC CCA 2018 &hellip; <a href=\"https:\/\/acc-cca.ca\/index.php\/conference\/previous-conference-keynotes-programs\/\" class=\"more-link\">Continue reading <span class=\"screen-reader-text\">Conference Archive \u2022 Archives du colloque<\/span> <span class=\"meta-nav\">&rarr;<\/span><\/a><\/p>\n","protected":false},"author":1,"featured_media":0,"parent":23,"menu_order":0,"comment_status":"closed","ping_status":"closed","template":"","meta":{"ub_ctt_via":""},"featured_image_src":null,"_links":{"self":[{"href":"https:\/\/acc-cca.ca\/index.php\/wp-json\/wp\/v2\/pages\/728"}],"collection":[{"href":"https:\/\/acc-cca.ca\/index.php\/wp-json\/wp\/v2\/pages"}],"about":[{"href":"https:\/\/acc-cca.ca\/index.php\/wp-json\/wp\/v2\/types\/page"}],"author":[{"embeddable":true,"href":"https:\/\/acc-cca.ca\/index.php\/wp-json\/wp\/v2\/users\/1"}],"replies":[{"embeddable":true,"href":"https:\/\/acc-cca.ca\/index.php\/wp-json\/wp\/v2\/comments?post=728"}],"version-history":[{"count":34,"href":"https:\/\/acc-cca.ca\/index.php\/wp-json\/wp\/v2\/pages\/728\/revisions"}],"predecessor-version":[{"id":1649,"href":"https:\/\/acc-cca.ca\/index.php\/wp-json\/wp\/v2\/pages\/728\/revisions\/1649"}],"up":[{"embeddable":true,"href":"https:\/\/acc-cca.ca\/index.php\/wp-json\/wp\/v2\/pages\/23"}],"wp:attachment":[{"href":"https:\/\/acc-cca.ca\/index.php\/wp-json\/wp\/v2\/media?parent=728"}],"curies":[{"name":"wp","href":"https:\/\/api.w.org\/{rel}","templated":true}]}}